e tens digit of 33370361?
6
What is the tens digit of 1491632?
3
What is the ten thousands digit of 743094?
4
What is the units digit of 5658435?
5
What is the millions digit of 8366014?
8
What is the tens digit of 3934614?
1
What is the thousands digit of 638170?
8
What is the ten thousands digit of 22884079?
8
What is the ten thousands digit of 5302419?
0
What is the tens digit of 942427?
2
What is the hundred thousands digit of 1562103?
5
What is the hundred thousands digit of 263472?
2
What is the hundred thousands digit of 4146909?
1
What is the thousands digit of 160358?
0
What is the hundreds digit of 18426685?
6
What is the ten thousands digit of 1689065?
8
What is the units digit of 2386439?
9
What is the units digit of 16214027?
7
What is the millions digit of 2835827?
2
What is the thousands digit of 581033?
1
What is the millions digit of 24137769?
4
What is the hundreds digit of 38870?
8
What is the tens digit of 252347?
4
What is the units digit of 140112?
2
What is the units digit of 821134?
4
What is the tens digit of 882647?
4
What is the hundreds digit of 88885?
8
What is the ten thousands digit of 6382157?
8
What is the tens digit of 850674?
7
What is the units digit of 219445?
5
What is the hundreds digit of 16879769?
7
What is the tens digit of 6012637?
3
What is the units digit of 395389?
9
What is the units digit of 1809281?
1
What is the units digit of 12216824?
4
What is the tens digit of 680043?
4
What is the millions digit of 3559571?
3
What is the ten millions digit of 15096903?
1
What is the hundreds digit of 954176?
1
What is the thousands digit of 3543928?
3
What is the hundred thousands digit of 310480?
3
What is the thousands digit of 5110182?
0
What is the thousands digit of 1395507?
5
What is the units digit of 233045?
5
What is the ten thousands digit of 6358371?
5
What is the hundreds digit of 845782?
7
What is the hundreds digit of 25434139?
1
What is the millions digit of 4560514?
4
What is the tens digit of 666838?
3
What is the hundred thousands digit of 11406113?
4
What is the hundred thousands digit of 381230?
3
What is the thousands digit of 638940?
8
What is the ten thousands digit of 22414775?
1
What is the ten thousands digit of 3043831?
4
What is the hundred thousands digit of 167547?
1
What is the hundreds digit of 21678665?
6
What is the thousands digit of 28210?
8
What is the hundreds digit of 17152349?
3
What is the thousands digit of 2164035?
4
What is the hundreds digit of 12476754?
7
What is the ten thousands digit of 60429?
6
What is the units digit of 145144?
4
What is the ten thousands digit of 54815?
5
What is the millions digit of 1663867?
1
What is the tens digit of 3660631?
3
What is the hundreds digit of 3330273?
2
What is the hundred thousands digit of 214512?
2
What is the ten thousands digit of 29489?
2
What is the tens digit of 21092439?
3
What is the tens digit of 34655653?
5
What is the hundreds digit of 425462?
4
What is the thousands digit of 225154?
5
What is the hundred thousands digit of 438252?
4
What is the hundreds digit of 198649?
6
What is the thousands digit of 948859?
8
What is the hundred thousands digit of 720287?
7
What is the hundreds digit of 312261?
2
What is the hundreds digit of 9085193?
1
What is the thousands digit of 429704?
9
What is the units digit of 4855938?
8
What is the ten millions digit of 10408135?
1
What is the units digit of 502144?
4
What is the units digit of 719791?
1
What is the hundred thousands digit of 8037917?
0
What is the tens digit of 347645?
4
What is the hundred thousands digit of 10744046?
7
What is the hundreds digit of 17726205?
2
What is the millions digit of 24210060?
4
What is the tens digit of 4515184?
8
What is the thousands digit of 9274847?
4
What is the millions digit of 2847795?
2
What is the units digit of 866928?
8
What is the hundreds digit of 5242010?
0
What is the units digit of 146718?
8
What is the ten thousands digit of 344231?
4
What is the units digit of 26765?
5
What is the thousands digit of 503718?
3
What is the units digit of 65027?
7
What is the hundred thousands digit of 17141324?
1
What is the hundreds digit of 832329?
3
What is the units digit of 2370721?
1
What is the thousands digit of 5223376?
3
What is the hundred thousands digit of 5312549?
3
What is the units digit of 5743678?
8
What is the hundreds digit of 474290?
2
What is the ten thousands digit of 243549?
4
What is the thousands digit of 464187?
4
What is the ten thousands digit of 271790?
7
What is the hundred thousands digit of 193650?
1
What is the hundreds digit of 661062?
0
What is the tens digit of 3005320?
2
What is the ten thousands digit of 8992515?
9
What is the thousands digit of 1457216?
7
What is the ten millions digit of 12075603?
1
What is the tens digit of 3739290?
9
What is the hundreds digit of 1570299?
2
What is the millions digit of 4618906?
4
What is the tens digit of 4548983?
8
What is the hundred thousands digit of 2219370?
2
What is the thousands digit of 365275?
5
What is the hundreds digit of 18155773?
7
What is the tens digit of 195312?
1
What is the hundred thousands digit of 24137030?
1
What is the units digit of 4317340?
0
What is the hundreds digit of 1184099?
0
What is the hundred thousands digit of 374833?
3
What is the hundreds digit of 184535?
5
What is the millions digit of 2023288?
2
What is the millions digit of 2621243?
2
What is the tens digit of 304903?
0
What is the thousands digit of 436266?
6
What is the ten thousands digit of 309893?
0
What is the tens digit of 631429?
2
What is the tens digit of 951853?
5
What is the thousands digit of 195560?
5
What is the ten thousands digit of 310397?
1
What is the tens digit of 33978037?
3
What is the tens digit of 381753?
5
What is the ten thousands digit of 2026103?
2
What is the ten thousands digit of 101867?
0
What is the ten thousands digit of 2213777?
1
What is the thousands digit of 692387?
2
What is the thousands digit of 746524?
6
What is the tens digit of 7368402?
0
What is the ten thousands digit of 7390950?
9
What is the thousands digit of 226452?
6
What is the tens digit of 956019?
1
What is the thousands digit of 600651?
0
What is the units digit of 6120914?
4
What is the thousands digit of 3190114?
0
What is the hundreds digit of 13672324?
3
What is the tens digit of 286680?
8
What is the units digit of 3620915?
5
What is the units digit of 35009589?
9
What is the hundreds digit of 2336495?
4
What is the units digit of 81325?
5
What is the hundreds digit of 330640?
6
What is the thousands digit of 390142?
0
What is the hundred thousands digit of 2995995?
9
What is the units digit of 827510?
0
What is the ten thousands digit of 976154?
7
What is the ten thousands digit of 1222424?
2
What is the hundreds digit of 324812?
8
What is the hundreds digit of 804399?
3
What is the thousands digit of 2967032?
7
What is the thousands digit of 2083665?
3
What is the hundreds digit of 3764814?
8
What is the millions digit of 3991312?
3
What is the thousands digit of 13337876?
7
What is the tens digit of 3493122?
2
What is the thousands digit of 147817?
7
What is the hundred thousands digit of 103898?
1
What is the tens digit of 1601658?
5
What is the thousands digit of 88515?
8
What is the hundreds digit of 11727138?
1
What is the thousands digit of 8433989?
3
What is the thousands digit of 13397522?
7
What is the units digit of 2738509?
9
What is the ten thousands digit of 14737077?
3
What is the tens digit of 2058776?
7
What is the thousands digit of 1248572?
8
What is the ten thousands digit of 129517?
2
What is the tens digit of 9790?
9
What is the ten thousands digit of 5511671?
1
What is the hundred thousands digit of 378915?
3
What is the thousands digit of 357262?
7
What is the ten thousands digit of 4049090?
4
What is the ten thousands digit of 305008?
0
What is the hundred thousands digit of 1123429?
1
What is the tens digit of 489874?
7
What is the units digit of 80160?
0
What is the hundreds digit of 536683?
6
What is the thousands digit of 15792?
5
What is the hundred thousands digit of 280289?
2
What is the tens digit of 15760106?
0
What is the tens digit of 691375?
7
What is the hundreds digit of 622636?
6
What is the tens digit of 287